{"id":177,"date":"2024-06-17T15:30:00","date_gmt":"2024-06-17T15:30:00","guid":{"rendered":"https:\/\/vanommenverzet.eu\/?page_id=177"},"modified":"2024-06-17T15:52:51","modified_gmt":"2024-06-17T15:52:51","slug":"brief-van-m-t-polak-mair","status":"publish","type":"page","link":"https:\/\/vanommenverzet.eu\/?page_id=177","title":{"rendered":"Brief van M.T.Polak-Mair"},"content":{"rendered":"\n<p>\u201cBrief van Marie&nbsp;Th\u00e9r\u00e8sa, geschreven aan haar drie kinderen Els, Paul en&nbsp;Hettie&nbsp;vlak voor en vlak na de bevrijding in M\u00fcnchen. Vermoedelijk is de brief nooit verstuurd en is de brief mee genomen naar huis. Het karakter van de brief veranderd van een afscheidsbrief aan de kinderen naar (dagboek) aantekeningen over de laatste dag voor, en de eerste dagen na de bevrijding van het kamp door het Amerikaanse leger.\u201d Aldus het voorwoord van de kleindochter Karen Polak die de brief uitgetypt heeft.<\/p>\n\n\n\n<p><a href=\"https:\/\/vanommenverzet.eu\/wp-content\/uploads\/2024\/06\/Brief-van-MT-Polak-Mair.pdf\">Een ontroerende brief<\/a>. Men merkt dat de schrijfster niet de tot de jongeren hoorde. De berichten van de jongere vrouwen zijn met uitzondering van Kiky Heinsius doorgaans wat fors geschreven. Rie Polak-Mair&nbsp;was van 1896. Karen Polak duidt enkele vergisinningen aan zoals:&nbsp;Kissingen&nbsp;moet Giesing en Afga moet Agfa zijn.&nbsp;M.T.Polak-Mair&nbsp;is eind april 1945 in M\u00fcnchen gebleven en is niet meegegaan op de evacuatie mars in richting Oostenrijk. Aangrijpend is haar optimisme wat betreft het lot van haar man. Uit de van haar ingevulde vragenlijst blijkt dat ze eind 1945 nog niet wist dat haar man in de buurt van Auschwitz was omgekomen. Ze liet zich begin 1945 noch wijsmaken dat het in kampen met overwegend joodse gevangenen niet zo erg was. In het in de brief genoemde kamp&nbsp;M\u00fchldorf&nbsp;zijn bijna de helft van de gevangenen omgekomen.<\/p>\n\n\n\n<p><\/p>\n\n\n\n<div data-wp-interactive=\"core\/file\" class=\"wp-block-file\"><object data-wp-bind--hidden=\"!state.hasPdfPreview\" hidden class=\"wp-block-file__embed\" data=\"https:\/\/vanommenverzet.eu\/wp-content\/uploads\/2024\/06\/Brief-van-MT-Polak-Mair.pdf\" type=\"application\/pdf\" style=\"width:100%;height:600px\" aria-label=\"Insluiting van Brief van MT Polak-Mair.\"><\/object><a id=\"wp-block-file--media-5074bb17-79c7-477e-b61c-d70893b12344\" href=\"https:\/\/vanommenverzet.eu\/wp-content\/uploads\/2024\/06\/Brief-van-MT-Polak-Mair.pdf\">Brief van MT Polak-Mair<\/a><a href=\"https:\/\/vanommenverzet.eu\/wp-content\/uploads\/2024\/06\/Brief-van-MT-Polak-Mair.pdf\" class=\"wp-block-file__button wp-element-button\" download aria-describedby=\"wp-block-file--media-5074bb17-79c7-477e-b61c-d70893b12344\">Downloaden<\/a><\/div>\n","protected":false},"excerpt":{"rendered":"<p>\u201cBrief van Marie&nbsp;Th\u00e9r\u00e8sa, geschreven aan haar drie kinderen Els, Paul en&nbsp;Hettie&nbsp;vlak voor en vlak na de bevrijding in M\u00fcnchen. Vermoedelijk is de brief nooit verstuurd en is de brief mee genomen naar huis. Het karakter van de brief veranderd van een afscheidsbrief aan de kinderen naar (dagboek) aantekeningen over de laatste dag voor, en de &hellip; <a href=\"https:\/\/vanommenverzet.eu\/?page_id=177\" class=\"more-link\">Lees verder <span class=\"screen-reader-text\">&#8220;Brief van M.T.Polak-Mair&#8221;<\/span><\/a><\/p>\n","protected":false},"author":1,"featured_media":0,"parent":0,"menu_order":0,"comment_status":"closed","ping_status":"closed","template":"","meta":{"footnotes":""},"class_list":["post-177","page","type-page","status-publish","hentry"],"_links":{"self":[{"href":"https:\/\/vanommenverzet.eu\/index.php?rest_route=\/wp\/v2\/pages\/177","targetHints":{"allow":["GET"]}}],"collection":[{"href":"https:\/\/vanommenverzet.eu\/index.php?rest_route=\/wp\/v2\/pages"}],"about":[{"href":"https:\/\/vanommenverzet.eu\/index.php?rest_route=\/wp\/v2\/types\/page"}],"author":[{"embeddable":true,"href":"https:\/\/vanommenverzet.eu\/index.php?rest_route=\/wp\/v2\/users\/1"}],"replies":[{"embeddable":true,"href":"https:\/\/vanommenverzet.eu\/index.php?rest_route=%2Fwp%2Fv2%2Fcomments&post=177"}],"version-history":[{"count":3,"href":"https:\/\/vanommenverzet.eu\/index.php?rest_route=\/wp\/v2\/pages\/177\/revisions"}],"predecessor-version":[{"id":186,"href":"https:\/\/vanommenverzet.eu\/index.php?rest_route=\/wp\/v2\/pages\/177\/revisions\/186"}],"wp:attachment":[{"href":"https:\/\/vanommenverzet.eu\/index.php?rest_route=%2Fwp%2Fv2%2Fmedia&parent=177"}],"curies":[{"name":"wp","href":"https:\/\/api.w.org\/{rel}","templated":true}]}}